 when 625 is divided by s.
105
Suppose -51*v + 52*v = -3*p + 201, p = 4*v - 713. What is the remainder when 732 is divided by v?
12
Let n(q) = 6*q + 28. Suppose -14*b = 22*b - 180. What is the remainder when n(b) is divided by 31?
27
What is the remainder when 2021 is divided by (2/6)/(20154/(-1260) - -16)?
61
Let n(f) = -26*f - 14. Suppose -4*u + 0*u = 2*j - 2, 5*u = 5*j - 35. Let s(b) = 3*b**2 - 2*b - 3. Calculate the remainder when n(-3) is divided by s(u).
12
Suppose 37 = r + 33. Let f be -2 - -2 - 36/(-3). Suppose -2*n - 12 = -t + f, 5*t + 2*n - 60 = 0. Calculate the remainder when t is divided by r.
2
Suppose j = 5*l + 72, 3*l = 14*j - 16*j + 53. What is the remainder when 325 is divided by j?
29
Let w(m) = 25*m - 19. Let g be w(5). Let r = g - 45. Let h = r - 52. Calculate the remainder when 35 is divided by h.
8
Let q(o) = -16*o - 30. Let c be q(-2). Suppose -i + z + 9 = -0, 4*i - 32 = c*z. What is the remainder when 45 is divided by i?
3
Suppose 1153 = q - 2332. What is the remainder when (-14)/(-8) - q/(-20) is divided by 61?
54
Let k = 1395 + -1381. Let v = -20 + 45. Calculate the remainder when v is divided by k.
11
Suppose -82 = -5*i + 43. Suppose 3*u - i = -2*u. What is the remainder when (6 + 200/(-32))*23*-4 is divided by u?
3
Suppose 13*z = -u + 15*z + 24, 0 = -2*z - 8. What is the remainder when -1 + (-1 - -2) + 45 is divided by u?
13
What is the remainder when (3588/130)/(-4 + 49/10)*6 is divided by 70?
44
Calculate the remainder when 85 + 0/(-2) + 1 is divided by ((-2)/(-3) - 949/(-273))*7.
28
Calculate the remainder when 527 is divided by (5 - 12)/(3/(-6)).
9
Calculate the remainder when 110 is divided by 6/5 + (-2886)/(-195).
14
Suppose -2864 = -57*o + 36*o - 953. Calculate the remainder when 368 is divided by o.
4
Let o = 860 - 724. What is the remainder when o is divided by 49?
38
Let m be 4966/78 - (-2)/6. Let x = m + 355. Calculate the remainder when x is divided by 28.
27
Suppose -32*q + 829 = -1411. What is the remainder when 405 is divided by q?
55
Calculate the remainder when ((-1550)/93)/(3/(-252)) + 8 is divided by 466.
10
Let n(q) = -q**3 - 124*q**2 - 364*q - 107. Calculate the remainder when n(-121) is divided by 10 - (-2)/(1 - -1).
3
Let y be ((-1003)/68)/(2/(-8)). Suppose -6*c = -y - 145. Calculate the remainder when c - -3*(-8)/12 is divided by 17.
15
Suppose -260*w + 19405 = 2765. Calculate the remainder when 1016 is divided by w.
56
Let m be 7/(21/6)*-2 - -103. Let s = -3 + m. Suppose -198 - s = -14*c. Calculate the remainder when 83 is divided by c.
20
Suppose -5*b = 2*n + 51 - 8622, 3*b = -5*n + 21418. What is the remainder when n is divided by 134?
129
Let x = -161 - -197. Suppose 0 = -45*u + x*u + 234. What is the remainder when 50 is divided by u?
24
Let q = 2805 - 2787. Calculate the remainder when 38 is divided by q.
2
Calculate the remainder when ((-1959)/(-8))/(675/216 - 3) is divided by 647.
18
Let n be (-32)/(-10) + 16/(-80). Suppose n*c = -74 + 23. Calculate the remainder when (-2)/c + 676/34 is divided by 6.
2
Let v = 14214 - 14081. Calculate the remainder when 10106 is divided by v.
131
Let h(n) = -n**3 + 19*n**2 + 43*n + 22. What is the remainder when 1450 is divided by h(20)?
4
Suppose 176 = 107*a - 111*a. Let q = 61 + a. Suppose -12*r + 527 = -61. Calculate the remainder when r is divided by q.
15
Let m be 3/((-81)/(-6)) + 1960/252. What is the remainder when 1 + (-2272)/(m - 16) is divided by 96?
93
Suppose 26*k - 25*k = -703. Let f = 733 + k. What is the remainder when 85 is divided by f?
25
Calculate the remainder when (-90)/(-105) + (-11205)/(-35) is divided by 9.
6
Suppose 17 + 43 = 10*x. Suppose -4 = -5*p + 11. Suppose 0 = -2*t + p*t - x. What is the remainder when 22 is divided by t?
4
Suppose 281*q - 3596 = 223*q. What is the remainder when q is divided by 11?
7
Suppose 3*c = -557 + 572. Suppose -m = -5*i - 15, m + c*i - 60 = -3*m. Calculate the remainder when 147 is divided by m.
12
Suppose -753 = -3*v - 13*m + 10*m, -3*v - m + 749 = 0. Let u = v + -230. Calculate the remainder when 339 is divided by u.
16
Suppose 24 = 4*p + 4*a, -p - 3*a = 20 - 16. Calculate the remainder when 336 is divided by p.
6
Let a(b) = 4*b**2 + 31*b - 1. Let j(n) = n**2 + 2*n + 2. Let f be j(0). Suppose -2 = f*v + 18. What is the remainder when a(v) is divided by 45?
44
Suppose -6*g = -g, 3*g - 15 = -5*f. Suppose 155 = i - 4*s, 3*i - 497 = -7*s + f*s. Calculate the remainder when i is divided by 28.
23
Suppose 0*x - 135 = 5*i - x, -2*i - x - 54 = 0. Let y = i + 38. Suppose -d - 437 + 472 = 4*q, 4*q = 4*d. Calculate the remainder when y is divided by q.
4
Suppose 126 = 48*z - 114. Suppose 13*m = 18*m - j - 119, m - z*j - 43 = 0. What is the remainder when m is divided by 11?
1
Suppose -17*c + 4171 = 3*n - 15*c, 0 = -4*c - 16. What is the remainder when n is divided by 33?
7
Let f(j) = -16 + j + j + 8*j + 15*j. What is the remainder when f(3) is divided by 9?
5
Let j(k) = -248*k - 1709. What is the remainder when 1074 is divided by j(-7)?
21
Calculate the remainder when (-21)/28 - (-152627)/116 is divided by 55.
50
Calculate the remainder when 1517 is divided by 51/3 + -4*8/32.
13
Let p be -2*32/(-12)*57. Let l = 326 - p. What is the remainder when 52 is divided by l?
8
Suppose 36*i + 2 = 38*i. Calculate the remainder when 174 is divided by 10/i*2 + -4 + 0.
14
Suppose 3*u + 663 = 5*b, -2*b - 2 = 3*u - 284. Calculate the remainder when 150 is divided by b.
15
Suppose 31188 + 55104 = 846*x. What is the remainder when 37126 is divided by x?
100
Let x(f) = 2*f**2 - f + 1. Let z(a) = -a**3 - 4*a**2 - 7*a - 48. Let u(j) = 4*x(j) - z(j). Calculate the remainder when 239 is divided by u(-12).
15
Suppose -92 = 13*a - 651. Let h(o) = -19*o - 68. Calculate the remainder when h(-8) is divided by a.
41
Suppose -16*n = -65*n + 1323. Suppose -8*l - 66 = -3*j - 3*l, 4*j + 4*l = 120. Calculate the remainder when j is divided by n.
0
Let p(x) be the second derivative of x**5/20 - x**4/3 + 5*x**3/6 + x**2/2 - 29*x. Let g = 10 + -6. What is the remainder when 144 is divided by p(g)?
18
Let f(d) = 147*d - 2963. Calculate the remainder when 574 is divided by f(21).
78
Calculate the remainder when 63 is divided by (-3 + (-18)/(-4))*832/312.
3
Let p(i) = -16*i - 51. Suppose 0 = -3*x + 4*w - 16, -2*w - 4 + 10 = -x. Calculate the remainder when 142 is divided by p(x).
12
Let t be (1/4*-2)/1*6. What is the remainder when 210 + t/9*3 is divided by 53?
50
Suppose 24*w + 24*w = -40 + 760. Let n = -15 - -24. What is the remainder when w is divided by n?
6
Suppose -g + 129 = -3*t - 0*t, 5*t - 3*g = -215. Let x = -25 - t. Let u = -100 + 169. Calculate the remainder when u is divided by x.
15
Suppose -s + 54 = -2*s. Let c = 139 - 241. Let w = s - c. What is the remainder when w is divided by 7?
6
What is the remainder when (4/(-10))/(16/5) - 725121/(-72) is divided by 73?
70
Suppose 3*j = -17 - 193. Let a be (6 - 12) + 480/(-5). Let m = j - a. What is the remainder when 127 is divided by m?
31
Suppose -3*h - 5*z + 4991 = 0, 3*h - 2357 = -3*z + 2644. Calculate the remainder when h is divided by 45.
7
Calculate the remainder when ((-13568)/(-28))/(52/728) is divided by 59.
58
Suppose 0 = 4*t - 3*y - 85, 57*y - 62*y + 80 = 5*t. Calculate the remainder when 219 is divided by t.
10
Suppose -b + 3*g + 2*g = -20, 0 = -g - 2. Calculate the remainder when b is divided by 2.
0
Let h(s) = 4*s**2 + 4*s - 5. Let p be h(2). Suppose -9*i + p*i - 1230 = 0. Calculate the remainder when i is divided by 21.
18
What is the remainder when (-3 - (-1 - 2) - 27)/((-37)/1517) is divided by 122?
9
Suppose -9*d + 10460 = 10433. Calculate the remainder when 1001 is divided by d.
2
Let j = 536 + -1232. Let a = j + 727. What is the remainder when a is divided by 14?
3
Let h(z) = -z**3 - 9*z**2 - 36*z - 147. Calculate the remainder when h(-9) is divided by 61.
55
Suppose 7762*u = 7821*u - 767. What is the remainder when 13517 is divided by u?
10
Suppose 8*v - 48 - 112 = 0. Let i = -91 - -107. Let n(j) = -j**3 + 16*j**2 + 4*j + 15. What is the remainder when n(i) is divided by v?
19
Suppose -20 = 2*i - 3*i. Suppose 2*w = m - 2*w - 1, 2*w = 2*m - i. Calculate the remainder when (-309)/(-12) - 1/(-4) - 204/68 is divided by m.
10
Suppose -5*h + 326 = -214. Suppose -n +